{"id":460,"date":"2025-07-11T16:03:07","date_gmt":"2025-07-11T19:03:07","guid":{"rendered":"https:\/\/mbya.com.br\/?page_id=460"},"modified":"2025-07-11T16:16:16","modified_gmt":"2025-07-11T19:16:16","slug":"luar-na-praca","status":"publish","type":"page","link":"https:\/\/mbya.com.br\/?page_id=460","title":{"rendered":"Luar na Pra\u00e7a: Atra\u00e7\u00f5es culturais gratuitas em Barroso"},"content":{"rendered":"<p><img loading=\"lazy\" decoding=\"async\" width=\"1470\" height=\"735\" src=\"http:\/\/mbya.com.br\/wp-content\/uploads\/2025\/07\/banner-luar-central.png\" alt=\"\" \/>\t\t\t\t\t\t\t\t\t\t\t\t\t\t\t<\/p>\n<h2>DISTRIBUI\u00c7\u00c3O  DE INGRESSOS<\/h2>\n<p><em><b>Os ingressos s\u00e3o limitados e ser\u00e3o distribu\u00eddos de forma gratuita.<\/b><\/em><\/p>\n<p>\t\t\t\t<svg aria-hidden=\"true\" viewBox=\"0 0 448 512\" xmlns=\"http:\/\/www.w3.org\/2000\/svg\"><path d=\"M400 64h-48V12c0-6.627-5.373-12-12-12h-40c-6.627 0-12 5.373-12 12v52H160V12c0-6.627-5.373-12-12-12h-40c-6.627 0-12 5.373-12 12v52H48C21.49 64 0 85.49 0 112v352c0 26.51 21.49 48 48 48h352c26.51 0 48-21.49 48-48V112c0-26.51-21.49-48-48-48zm-6 400H54a6 6 0 0 1-6-6V160h352v298a6 6 0 0 1-6 6zm-52.849-200.65L198.842 404.519c-4.705 4.667-12.303 4.637-16.971-.068l-75.091-75.699c-4.667-4.705-4.637-12.303.068-16.971l22.719-22.536c4.705-4.667 12.303-4.637 16.97.069l44.104 44.461 111.072-110.181c4.705-4.667 12.303-4.637 16.971.068l22.536 22.718c4.667 4.705 4.636 12.303-.069 16.97z\"><\/path><\/svg>\t\t\t\t<\/p>\n<h3>\n\t\t\t\t\t\t\t05, 06 e 14 de agosto<br \/>\n\t\t\t\t\t<\/h3>\n<p>\n\t\t\t\t\t\tDistribui\u00e7\u00e3o no Est\u00e1dio S\u00e3o Jos\u00e9, das 9h \u00e0s 11h e das 16h \u00e0s 18h\t\t\t\t\t<\/p>\n<p>\t\t\t\t<svg aria-hidden=\"true\" viewBox=\"0 0 448 512\" xmlns=\"http:\/\/www.w3.org\/2000\/svg\"><path d=\"M400 64h-48V12c0-6.627-5.373-12-12-12h-40c-6.627 0-12 5.373-12 12v52H160V12c0-6.627-5.373-12-12-12h-40c-6.627 0-12 5.373-12 12v52H48C21.49 64 0 85.49 0 112v352c0 26.51 21.49 48 48 48h352c26.51 0 48-21.49 48-48V112c0-26.51-21.49-48-48-48zm-6 400H54a6 6 0 0 1-6-6V160h352v298a6 6 0 0 1-6 6zm-52.849-200.65L198.842 404.519c-4.705 4.667-12.303 4.637-16.971-.068l-75.091-75.699c-4.667-4.705-4.637-12.303.068-16.971l22.719-22.536c4.705-4.667 12.303-4.637 16.97.069l44.104 44.461 111.072-110.181c4.705-4.667 12.303-4.637 16.971.068l22.536 22.718c4.667 4.705 4.636 12.303-.069 16.97z\"><\/path><\/svg>\t\t\t\t<\/p>\n<h3>\n\t\t\t\t\t\t\t07 a 13 de agosto<br \/>\n\t\t\t\t\t<\/h3>\n<p>\n\t\t\t\t\t\tDistribui\u00e7\u00e3o no hall da Prefeitura (P\u00e7. Sant&#8217;Ana, 120 &#8211; Centro), das 9h \u00e0s 18h.\t\t\t\t\t<\/p>\n<p>Ser\u00e1 limitada a entrega de 4 ingressos por CPF. Haver\u00e1 controle de acesso atrav\u00e9s dos tickets, garantindo a comodidade e seguran\u00e7a de todos. Representantes de Institui\u00e7\u00f5es filantr\u00f3picas ou de ensino poder\u00e3o retirar os ingressos em maior quantidade, desde que apresentados documenta\u00e7\u00e3o e lista de atendidos.<\/p>\n<p>\t\t\t\t\t<a href=\"https:\/\/wa.me\/5532999440104\" target=\"_blank\"><br \/>\n\t\t\t\t<svg aria-hidden=\"true\" viewBox=\"0 0 448 512\" xmlns=\"http:\/\/www.w3.org\/2000\/svg\"><path d=\"M380.9 97.1C339 55.1 283.2 32 223.9 32c-122.4 0-222 99.6-222 222 0 39.1 10.2 77.3 29.6 111L0 480l117.7-30.9c32.4 17.7 68.9 27 106.1 27h.1c122.3 0 224.1-99.6 224.1-222 0-59.3-25.2-115-67.1-157zm-157 341.6c-33.2 0-65.7-8.9-94-25.7l-6.7-4-69.8 18.3L72 359.2l-4.4-7c-18.5-29.4-28.2-63.3-28.2-98.2 0-101.7 82.8-184.5 184.6-184.5 49.3 0 95.6 19.2 130.4 54.1 34.8 34.9 56.2 81.2 56.1 130.5 0 101.8-84.9 184.6-186.6 184.6zm101.2-138.2c-5.5-2.8-32.8-16.2-37.9-18-5.1-1.9-8.8-2.8-12.5 2.8-3.7 5.6-14.3 18-17.6 21.8-3.2 3.7-6.5 4.2-12 1.4-32.6-16.3-54-29.1-75.5-66-5.7-9.8 5.7-9.1 16.3-30.3 1.8-3.7.9-6.9-.5-9.7-1.4-2.8-12.5-30.1-17.1-41.2-4.5-10.8-9.1-9.3-12.5-9.5-3.2-.2-6.9-.2-10.6-.2-3.7 0-9.7 1.4-14.8 6.9-5.1 5.6-19.4 19-19.4 46.3 0 27.3 19.9 53.7 22.6 57.4 2.8 3.7 39.1 59.7 94.8 83.8 35.2 15.2 49 16.5 66.6 13.9 10.7-1.6 32.8-13.4 37.4-26.4 4.6-13 4.6-24.1 3.2-26.4-1.3-2.5-5-3.9-10.5-6.6z\"><\/path><\/svg><br \/>\n\t\t\t\t\t\t\t\t\tMais informa\u00e7\u00f5es<br \/>\n\t\t\t\t\t<\/a><\/p>\n<h2>O Rei Le\u00e3o<\/h2>\n<p>\t\t\t\t\t<a href=\"#\"><br \/>\n\t\t\t\t\t\t\t\t\tViva a emo\u00e7\u00e3o do Teatro Musical O Rei Le\u00e3o! Garanta seu lugar nessa experi\u00eancia m\u00e1gica e inesquec\u00edvel.<br \/>\n\t\t\t\t\t<\/a><\/p>\n<p>Mufasa e a rainha Sarabi orgulhosamente apresentam ao reino o herdeiro do trono, Simba. No entanto, sua vida toma um rumo sombrio quando seu tio Scar, o invejoso irm\u00e3o de Mufasa, urde planos sinistros para tomar o trono para si, tramando se livrar de seu irm\u00e3o e do sobrinho. Envolvido nas artimanhas de Scar, Simba enfrenta momentos desafiadores, mas encontra apoio inesperado em Tim\u00e3o e Pumba, descobrindo, atrav\u00e9s da amizade sincera, o verdadeiro significado da lealdade e da camaradagem. Juntos, eles se unem para enfrentar os perigos e salvar o reino, bem como a fam\u00edlia de Simba, das garras do malvado Scar. Com uma combina\u00e7\u00e3o de figurinos deslumbrantes, cen\u00e1rios magn\u00edficos e m\u00fasicas interpretadas ao vivo, este espet\u00e1culo oferece n\u00e3o apenas entretenimento, mas tamb\u00e9m uma experi\u00eancia cultural enriquecedora.<\/p>\n<h2>Orquestra Filarm\u00f4nica de Minas Gerais<\/h2>\n<p>\t\t\t\t\t<a href=\"#\"><br \/>\n\t\t\t\t\t\t\t\t\tViva uma noite de encantos com a Filarm\u00f4nica de Minas!<br \/>\n\t\t\t\t\t<\/a><\/p>\n<p>O concerto Serenatas e Serestas celebra mais uma novidade na plataforma de itiner\u00e2ncia da Orquestra Filarm\u00f4nica de Minas Gerais. A partir da Serenata, um tipo de composi\u00e7\u00e3o musical de f\u00e1cil aprecia\u00e7\u00e3o cujo nome se atrela ao sereno \u2013 ao ar livre \u2013, vamos apresentar um programa que une o repert\u00f3rio can\u00f4nico de compositores como Mozart, Tchaikovsky e Dvor\u00e1k a um tamb\u00e9m g\u00eanero composicional que \u00e9 \u00edcone da tradi\u00e7\u00e3o musical brasileira \u2013 e mineira. \u201cAs Serestas n\u00e3o s\u00f3 herdaram parte do nome, mas tamb\u00e9m a for\u00e7a da beleza mel\u00f3dica das obras passadas. Da Pequena Serenata Noturna de Mozart a Oh, Minas Gerais e Peixe-Vivo, vamos unir espa\u00e7os e tempos distintos em noites dignas de um Luar da Filarm\u00f4nica de Minas. Uni\u00e3o que, acima de tudo, refor\u00e7a nosso compromisso em dar capilaridade \u00e0 m\u00fasica de orquestra \u2013 em seus encantos por todos os cantos\u201d, conta Jos\u00e9 Soares, regente associado da Filarm\u00f4nica de Minas Gerais.<\/p>\n<h2>Garanta seu ingresso<\/h2>\n<p>\t\t\t\t\t<a href=\"#\"><br \/>\n\t\t\t\t\t\t\t\t\tPrepare-se para duas noites m\u00e1gicas, Barroso ser\u00e1 palco de um evento imperd\u00edvel para toda a fam\u00edlia.<br \/>\n\t\t\t\t\t<\/a><\/p>\n<ul>\n<li>\n\t\t\t\t\t\t\t\t\t\t\t<a href=\"http:\/\/wa.me\/5532999440104\"><br \/>\n\t\t\t\t\t\t\t<svg aria-hidden=\"true\" viewBox=\"0 0 448 512\" xmlns=\"http:\/\/www.w3.org\/2000\/svg\"><path d=\"M380.9 97.1C339 55.1 283.2 32 223.9 32c-122.4 0-222 99.6-222 222 0 39.1 10.2 77.3 29.6 111L0 480l117.7-30.9c32.4 17.7 68.9 27 106.1 27h.1c122.3 0 224.1-99.6 224.1-222 0-59.3-25.2-115-67.1-157zm-157 341.6c-33.2 0-65.7-8.9-94-25.7l-6.7-4-69.8 18.3L72 359.2l-4.4-7c-18.5-29.4-28.2-63.3-28.2-98.2 0-101.7 82.8-184.5 184.6-184.5 49.3 0 95.6 19.2 130.4 54.1 34.8 34.9 56.2 81.2 56.1 130.5 0 101.8-84.9 184.6-186.6 184.6zm101.2-138.2c-5.5-2.8-32.8-16.2-37.9-18-5.1-1.9-8.8-2.8-12.5 2.8-3.7 5.6-14.3 18-17.6 21.8-3.2 3.7-6.5 4.2-12 1.4-32.6-16.3-54-29.1-75.5-66-5.7-9.8 5.7-9.1 16.3-30.3 1.8-3.7.9-6.9-.5-9.7-1.4-2.8-12.5-30.1-17.1-41.2-4.5-10.8-9.1-9.3-12.5-9.5-3.2-.2-6.9-.2-10.6-.2-3.7 0-9.7 1.4-14.8 6.9-5.1 5.6-19.4 19-19.4 46.3 0 27.3 19.9 53.7 22.6 57.4 2.8 3.7 39.1 59.7 94.8 83.8 35.2 15.2 49 16.5 66.6 13.9 10.7-1.6 32.8-13.4 37.4-26.4 4.6-13 4.6-24.1 3.2-26.4-1.3-2.5-5-3.9-10.5-6.6z\"><\/path><\/svg><br \/>\n\t\t\t\t\t\t\t\t\t\t(32) 9 9944 &#8211; 0104<br \/>\n\t\t\t\t\t\t\t\t\t\t\t<\/a>\n\t\t\t\t\t\t\t\t\t<\/li>\n<li>\n\t\t\t\t\t\t\t\t\t\t\t<a href=\"\"><br \/>\n\t\t\t\t\t\t\t<svg aria-hidden=\"true\" viewBox=\"0 0 512 512\" xmlns=\"http:\/\/www.w3.org\/2000\/svg\"><path d=\"M464 64H48C21.49 64 0 85.49 0 112v288c0 26.51 21.49 48 48 48h416c26.51 0 48-21.49 48-48V112c0-26.51-21.49-48-48-48zm0 48v40.805c-22.422 18.259-58.168 46.651-134.587 106.49-16.841 13.247-50.201 45.072-73.413 44.701-23.208.375-56.579-31.459-73.413-44.701C106.18 199.465 70.425 171.067 48 152.805V112h416zM48 400V214.398c22.914 18.251 55.409 43.862 104.938 82.646 21.857 17.205 60.134 55.186 103.062 54.955 42.717.231 80.509-37.199 103.053-54.947 49.528-38.783 82.032-64.401 104.947-82.653V400H48z\"><\/path><\/svg><br \/>\n\t\t\t\t\t\t\t\t\t\tcontato@mbya.com.br<br \/>\n\t\t\t\t\t\t\t\t\t\t\t<\/a>\n\t\t\t\t\t\t\t\t\t<\/li>\n<\/ul>\n<p>\t\t\t\t\t\t\t\t\t\t\t\t\t\t\t<img loading=\"lazy\" decoding=\"async\" width=\"3351\" height=\"280\" src=\"http:\/\/mbya.com.br\/wp-content\/uploads\/2025\/07\/regua-luar-ok.png\" alt=\"\" \/><\/p>\n","protected":false},"excerpt":{"rendered":"<p>DISTRIBUI\u00c7\u00c3O DE INGRESSOS Os ingressos s\u00e3o limitados e ser\u00e3o distribu\u00eddos de forma gratuita. 05, 06 e 14 de agosto Distribui\u00e7\u00e3o no Est\u00e1dio S\u00e3o Jos\u00e9, das 9h \u00e0s 11h e das 16h \u00e0s 18h 07 a 13 de agosto Distribui\u00e7\u00e3o no hall da Prefeitura (P\u00e7. Sant&#8217;Ana, 120 &#8211; Centro), das 9h \u00e0s 18h. Ser\u00e1 limitada a [&hellip;]<\/p>\n","protected":false},"author":1,"featured_media":453,"parent":0,"menu_order":0,"comment_status":"closed","ping_status":"closed","template":"elementor_canvas","meta":{"footnotes":""},"class_list":["post-460","page","type-page","status-publish","has-post-thumbnail","hentry"],"_links":{"self":[{"href":"https:\/\/mbya.com.br\/index.php?rest_route=\/wp\/v2\/pages\/460","targetHints":{"allow":["GET"]}}],"collection":[{"href":"https:\/\/mbya.com.br\/index.php?rest_route=\/wp\/v2\/pages"}],"about":[{"href":"https:\/\/mbya.com.br\/index.php?rest_route=\/wp\/v2\/types\/page"}],"author":[{"embeddable":true,"href":"https:\/\/mbya.com.br\/index.php?rest_route=\/wp\/v2\/users\/1"}],"replies":[{"embeddable":true,"href":"https:\/\/mbya.com.br\/index.php?rest_route=%2Fwp%2Fv2%2Fcomments&post=460"}],"version-history":[{"count":14,"href":"https:\/\/mbya.com.br\/index.php?rest_route=\/wp\/v2\/pages\/460\/revisions"}],"predecessor-version":[{"id":492,"href":"https:\/\/mbya.com.br\/index.php?rest_route=\/wp\/v2\/pages\/460\/revisions\/492"}],"wp:featuredmedia":[{"embeddable":true,"href":"https:\/\/mbya.com.br\/index.php?rest_route=\/wp\/v2\/media\/453"}],"wp:attachment":[{"href":"https:\/\/mbya.com.br\/index.php?rest_route=%2Fwp%2Fv2%2Fmedia&parent=460"}],"curies":[{"name":"wp","href":"https:\/\/api.w.org\/{rel}","templated":true}]}}